et n = 262 - 276. Let w(c) = c**3 + 17*c**2 - 46*c - 29. List the prime factors of w(n).
3, 401
Let k = -160 + 0. Let t be 918/15*(4/34 + 1131/(-221)). Let l = k - t. List the prime factors of l.
2, 73
Let x(b) = 47*b**2 - 31*b - 14. Let h(v) = -23*v**2 + 15*v + 7. Let j(y) = -13*h(y) - 6*x(y). List the prime factors of j(-5).
463
Let d(b) = -18*b + 184. Let t be d(10). Suppose 2006 = t*m - 574. What are the prime factors of m?
3, 5, 43
Let x = -31 - -31. Suppose x = 4*h - h - 795. Suppose -z - t + 2*t = -64, 4*z + 5*t = h. What are the prime factors of z?
5, 13
Suppose -3*n = -9 - 0. Suppose 2*l + 544 = 2*a, 8*l - n*l - 572 = -2*a. What are the prime factors of a?
2, 3, 23
Suppose -4*v + 5485 = -9*v. Let n = v - -1692. What are the prime factors of n?
5, 7, 17
Let b = -279 + 305. Suppose b*q - 3389 - 2253 = 0. List the prime factors of q.
7, 31
Suppose 65*r = 47*r + 8766. What are the prime factors of r?
487
Let v = -221 + 481. Let o = -137 + v. What are the prime factors of o?
3, 41
List the prime factors of 6586 + (-316)/474*(-3)/2.
7, 941
Suppose 2*c + p - 28820 = 5188, -34016 = -2*c + p. List the prime factors of c.
2, 11, 773
Suppose 0 = -3*c - 64 + 25. Let g(a) = a**3 + 14*a**2 + 12*a - 10. Let k be g(c). Suppose k*j - 20 = -j. What are the prime factors of j?
5
Let l = -52 + 57. Suppose -19*x + l*x = -4018. What are the prime factors of x?
7, 41
Let i be (0 - ((-3)/1 + 3))/(-2). Let h be (i - -3)/(-3) - (-4)/1. Suppose l - 4*w = 3*l - 298, h*w = 9. List the prime factors of l.
11, 13
Suppose -12*y = -2*y - 31680. What are the prime factors of y?
2, 3, 11
Let x(s) = -21*s**3 - 14*s**2. Let d be x(-6). Suppose -d = -10*g + 4028. List the prime factors of g.
2, 13, 31
Let i be 25/(-5) + (0 - 0 - 604). Let c = -213 - i. What are the prime factors of c?
2, 3, 11
Suppose -3*r = -13 - 8. Suppose -r*h = -2*h - k - 3407, 0 = 4*h - 2*k - 2722. What are the prime factors of h?
2, 11, 31
Suppose -2*t + 13665 + 24105 = -14322. List the prime factors of t.
2, 3, 1447
Let p be (-237)/(-12) - 1*(-1)/4. Suppose 22 = 7*c - p. Suppose -5*r - 22 = -c*r. List the prime factors of r.
2, 11
Let c(t) = t**2 + 1. Let b(r) = 5*r**2 - 6*r + 16. Let n(y) = b(y) - 6*c(y). Let g be n(-6). Let m(i) = 3*i**2 - 9*i + 19. List the prime factors of m(g).
229
Let w(p) = 37*p + 61. Suppose -a = 4*y + a - 80, 4*y - 2*a - 80 = 0. What are the prime factors of w(y)?
3, 89
Let l = 15797 - 5859. List the prime factors of l.
2, 4969
Let c(u) be the third derivative of u**5/30 + u**4/2 + 10*u**3/3 - u**2 + 22. Let p = -17 - -8. List the prime factors of c(p).
2, 37
Let g be (40/(-35))/(-2)*7. Let s be (12 - 18) + g*1. List the prime factors of s - (-5 + 384/(-2)).
3, 5, 13
Let y = -22 - -26. Suppose y*o = -5*v + 104 - 0, 2*o - 2*v = 52. Suppose -4*f = -4*k + 28, -3*k = -k - 5*f - o. List the prime factors of k.
3
Let z(n) = n**2 - 16*n - 20. Let x be z(-9). Suppose x = -3*v + 595. List the prime factors of v.
2, 5, 13
Let q = -83 + 144. Let k = q - 31. Suppose -15*o = -20*o + k. What are the prime factors of o?
2, 3
Let z(w) = 412*w**3 - 9*w**2 + 16*w + 2. What are the prime factors of z(3)?
11093
Suppose -5*o + 44 - 9 = 0. Suppose -o*r + 766 = -872. What are the prime factors of r?
2, 3, 13
Let z be 6/12*2*(2 - 0). Suppose -z*v + 1909 = -14*q + 11*q, 4*q = -3*v + 2872. What are the prime factors of v?
2, 239
Let j = 2026 + 2464. What are the prime factors of j?
2, 5, 449
Let d be -1*(-3)/(0 + 7 - 6). What are the prime factors of (4/d + 1)*55500/74?
2, 5, 7
Let c(b) = -17*b + 50. Let q be c(-8). Suppose 2*m = -m - q. What are the prime factors of -5*((-5)/25 - m/(-5))?
3, 7
Let z = -700 + 3322. Suppose z = 43*v - 37*v. List the prime factors of v.
19, 23
Let u(y) = -2*y**2 - 35*y + 2. Let o be u(-16). Suppose -o = -6*f + 28. List the prime factors of 173 - 0 - (7 - (f + -5)).
2, 3, 29
Let m(n) = -6*n**2 + 3*n - 3. Suppose 0 = 3*z - 4*z - 2. Let y(i) = i - 1. Let x(q) = z*m(q) + 2*y(q). What are the prime factors of x(4)?
2, 3, 5
What are the prime factors of (-7256304)/(-440) + (-16)/10?
2, 5, 17, 97
Let h(f) = f**2 - 15*f + 26. Let n be h(15). Let r = n + -26. Suppose -d + 65 + 52 = r. List the prime factors of d.
3, 13
Let w(q) = q + 1. Let y = 22 - 20. Let a be w(y). Suppose a*x - 20 - 4 = 0. What are the prime factors of x?
2
Let h = -14098 - -26341. What are the prime factors of h?
3, 7, 11, 53
Suppose -5*t + 86 - 631 = 0. Let g = -135 - t. Let d = 110 + g. What are the prime factors of d?
2, 3, 7
Let a(k) = k**3 - 10*k**2 - 8*k + 18. Let x be a(16). Let v = x - 621. What are the prime factors of v?
5, 7, 23
Suppose 4*f - 2*n = 5168 + 35272, -24*n + 19*n = 0. What are the prime factors of f?
2, 3, 5, 337
Let m(r) be the second derivative of -11*r**3/6 + 3*r**2/2 + 6*r. Let l be m(1). What are the prime factors of (0 - 68/l*1)*2?
17
Let x = 29 - 26. Suppose x*y - 4*a + 79 = 8, 2*y + 66 = -2*a. Let s = -14 - y. List the prime factors of s.
3, 5
Suppose 2*a - 805 + 75 = 0. Suppose 4*b = b + 591 + 1626. Suppose 5*w - b = 4*o + a, 3*w = 2*o + 662. What are the prime factors of w?
2, 5, 11
Let m be (6/(-4))/((-9)/6) - 1. Suppose 14*t - 1299 - 1627 = m. List the prime factors of t.
11, 19
Suppose -5*d + 4*a + 78 = 0, 0*a = 4*a - 12. Suppose 0 = 10*m - d*m + 4744. What are the prime factors of m?
593
Let i(u) = 270*u + 1302. List the prime factors of i(40).
2, 3, 2017
Let v = 231 + -228. Suppose 426 = 2*t - v*d - d, -t + 219 = d. List the prime factors of t.
7, 31
Suppose -4*m - 56 = -5*b - 0, 3 = -m + 4*b. What are the prime factors of (25 - (14 - 0))/((-1)/m)?
11, 19
What are the prime factors of (-9 - -5 - -3102) + -8 + 2?
2, 773
Suppose 3*y + 6 = 12. Suppose -5*m = -6*h + y*h + 507, -2*h + 3*m + 251 = 0. Suppose 23*k + h = 24*k. What are the prime factors of k?
7, 19
What are the prime factors of 127839524/1938 + 5/(-3) + 0?
65963
Let j(k) be the first derivative of -k**3 + k**2 - 5*k + 8. Let d be j(5). Let f = 145 + d. List the prime factors of f.
3, 5
List the prime factors of 10085 + (-5)/11 + 60/(-110).
2, 2521
Let c(b) = b**3 - 10*b**2 - 14*b + 24. What are the prime factors of c(33)?
3, 13, 631
What are the prime factors of (16/(-6))/(21/(-75915))?
2, 5, 241
Suppose 95*w - 175110 = 368955. What are the prime factors of w?
3, 23, 83
Let h = 77059 - 45916. List the prime factors of h.
3, 7, 1483
Suppose 221*a - 33648 = 217*a - 2*s, 4*a + 4*s - 33664 = 0. What are the prime factors of a?
2, 1051
Let u = -55 - -59. Let v be 247 + -3 - (12/u + -2). Let m = v + -138. List the prime factors of m.
3, 5, 7
Suppose 55370 + 185315 = 5*x + 5*r, -4*r - 144348 = -3*x. List the prime factors of x.
2, 47
Let s(h) = -3*h + 12. Let g be s(4). Suppose c - 1814 = -c - 2*l, g = 3*c - 2*l - 2746. What are the prime factors of c?
2, 3, 19
Let t be (-47 - -45)*29/1. Let x be (2 - 3)*(-256 - -3). Let k = x + t. What are the prime factors of k?
3, 5, 13
Let f(a) be the third derivative of -a**4/12 - 8*a**3/3 + 21*a**2. Let d be f(-19). Suppose d*u - 324 = 18*u. List the prime factors of u.
3
Let b(u) = u**2 - 21*u + 16. Let h be b(14). Let f = -103 - h. What are the prime factors of ((-13)/(-3))/((-7)/f)?
13
Suppose -3*t = 3*u - 39, -5*t + 57 = 13*u - 9*u. List the prime factors of (-170)/(-2) - (u + -5).
2, 41
Let y(s) = 3037*s - 3736. What are the prime factors of y(11)?
29671
Let a(i) = -2*i**3 - 9*i**2 + 8. Let d be a(-6). Suppose -d*c + 111*c = -745. What are the prime factors of c?
149
Suppose -5*r + 16157 = 2*g, 12*g - 17*g - r + 40473 = 0. List the prime factors of g.
2, 11, 23
Let k = 130 - 121. Let b(q) = 4*q**2 - 6*q + 7. What are the prime factors of b(k)?
277
Let t(i) = 51*i + 69. Let c be t(-4). Let b = 97 - c. List the prime factors of b.
2, 29
Let m(u) = 7*u + 9*u - 4 - 14*u. Let y be m(2). Suppose y = 2*v - 3*l - 185, 0 = -0*v - 5*v - 3*l + 515. List the prime factors of v.
2, 5
Suppose -7*s + 243 = -499. Let x(f) = -2*f**2 - 86. Let y be x(0). Let c = y + s. List the prime factors of c.
2, 5
What are the prime factors of (2/(-10) + -1*(-24)/(-30))*-17590?
2, 5, 1759
Let x(f) = 3494*f - 11. List the prime factors of x(2).
6977
Let x = -12 + 20. Suppose 0 = -4*s - 2*f - 110, -s = -2*f + 6*f + 10. Let o = x - s. List the prime factors of o.
2, 19
Let z(v) = v**2 - 19*v + 36. 